0 - -8 - 4.
0
(0 - -6) + (-8 - -4) + 4
6
What is -2 + -3 + (-5 - -9)?
-1
Evaluate 7 + -9 - -7 - -7 - 8.
4
Calculate (-11 - (-9 - -3)) + 5.
0
What is -5 + (-8 - (-5 + -3)) + 8?
3
Calculate -5 + 2 - -8 - (0 - -1).
4
3 + -8 + (-7 - -14)
2
-3 + (-10 - -11) - 2
-4
What is the value of 2 + -2 + -2 + (-3 - -6)?
1
3 - (7 - 9 - -12)
-7
Evaluate 9 + (5 - 14) - 8.
-8
Calculate -1 + (-1 - 4) - (-13 + 9).
-2
What is the value of 10 + -2 + -6 + (6 - 2)?
6
Calculate -6 + 5 + 4 - (-1 - -7).
-3
-2 - (-6 - (-5 - -3))
2
Evaluate 1 + -1 + -2 + -1.
-3
What is 4 + -1 + 0 + (-16 - -12)?
-1
Evaluate -10 - -20 - 11 - (-2 + 10).
-9
What is the value of 1 - -1 - (-20 + 18)?
4
What is the value of -14 - (-2 - (15 + -11))?
-8
4 + (5 - (-3 - -8))
4
Evaluate 5 + -2 + -7 - 3.
-7
Calculate 5 - -1 - (11 - 4 - 6).
5
What is 1 - (2 - -1) - 1?
-3
Calculate 1 - 2 - (19 + -13) - -4.
-3
What is the value of -7 - (2 + -4 - (3 - 0))?
-2
Calculate 6 + -1 + -1 - -2.
6
What is 0 + (-3 - -8) + -10 + 10?
5
What is 16 + -15 - (2 + -10 + 3)?
6
4 + (2 - 4) + (-15 - -7)
-6
What is 8 - -3 - 5 - 12?
-6
What is the value of 2 - 3 - -3 - (0 - 1)?
3
Calculate 6 - ((-8 - -3 - -2) + 5).
4
What is -7 - (-6 - (4 + -6))?
-3
Calculate 0 + (-1 + (4 - 4) - 0).
-1
Evaluate 14 + -21 - (-1 + 2) - -7.
-1
Calculate -3 + -1 + -7 - -6.
-5
Evaluate (2 - (6 + -2)) + 6.
4
Evaluate -8 + (7 - 3) - (3 - 5).
-2
Evaluate 4 - (3 + -4 - -1).
4
Calculate (3 - (4 - 9 - 2)) + -5.
5
Calculate 11 - (8 - 16 - -11).
8
Evaluate -3 + 5 + -3 + (3 - -2).
4
What is 1 + 8 - (4 + -7 - -5)?
7
What is the value of (-6 - (1 - (0 + -1))) + 4?
-4
Evaluate 9 + -11 + 3 + (-3 - -2).
0
Evaluate (40 - 42) + 9 + 1 + -3.
5
Calculate 1 - -1 - 0 - (54 + -50).
-2
What is -1 + 5 - (4 - (8 + -8))?
0
Calculate -6 + (12 + -1 - 12).
-7
What is 0 + -6 + 2 + (-3 - -12)?
5
Calculate (0 - 3) + (5 - 2) + 0.
0
Evaluate 0 - 2 - (5 + -3) - -1.
-3
-4 + 6 + (5 - 2) - 0
5
Calculate -3 - (-3 - (1 + -2)).
-1
Evaluate 20 - (4 + 4) - 7.
5
What is the value of 17 + -13 + (-7 - 1)?
-4
What is 2 - ((6 - 6) + -1 + -1)?
4
-3 - ((-3 - 1) + -2) - 0
3
Calculate (-5 + 18 - 12) + -12.
-11
0 - (-5 + 4) - -3
4
Calculate -1 - -1 - (1 - (-5 - -6)).
0
What is the value of (-13 + 18 - 8) + (1 - 0)?
-2
What is (6 - 12 - -2) + -2 + 5?
-1
What is -90 + 91 - (-1 - -12)?
-10
Evaluate 4 - ((0 - -4) + -4).
4
What is the value of 3 + 0 + (-7 - (-1 + -2))?
-1
Calculate (4 - 10) + 3 + 1.
-2
Evaluate (6 - 5) + -5 + 2.
-2
Evaluate 4 - 11 - (-6 + 1).
-2
Calculate 4 + -2 + -4 + 0 - 4.
-6
Calculate 1 - 2 - -3 - 11.
-9
Calculate 0 - -4 - 7 - -2.
-1
What is 3 + (-4 - 4 - -2)?
-3
What is the value of 4 - ((7 - 6 - 1) + 3)?
1
What is the value of (2 - (2 - 0)) + 6 + -1?
5
5 + (1 + 5 - 3) + -1
7
What is the value of -17 + (43 - 22) + 0 + -5?
-1
What is the value of -4 + (-9 - -6) + 8?
1
-6 + 3 + (0 - 0) - -3
0
What is the value of -3 + 0 + (-14 - -12) - -7?
2
Evaluate (-22 - -25) + -1 + -10.
-8
What is the value of -2 + 2 + -4 + 3?
-1
Evaluate 1 + 2 - (10 + -6 - -1).
-2
Evaluate (0 - 2) + (4 - (-4 - -5)).
1
What is the value of 2 - (-1 - (-6 + 4)) - 4?
-3
What is -6 + -10 + 7 + 5?
-4
What is the value of -1 - -3 - 0 - (87 + -83)?
-2
What is the value of 1 - (-6 + 1 - (-20 - -16))?
2
What is -3 + (6 - 3) + 6 + 0?
6
(-1 - -3) + (1 - -2)
5
Evaluate 5 + (2 - 1) - 2 - -6.
10
-1 - -4 - (-14 + 30 + -14)
1
What is -7 - (-7 - -1 - (-5 + -1))?
-7
Calculate (1 - -7) + -41 + 42.
9
1 + -11 + 16 - (1 - 2)
7
Evaluate -3 - (-8 + -3 + 7).
1
What is -8 + 1 + 3 - 1?
-5
Calculate 5 + (-7 - 5) - -4 - -12.
9
What is (1 - -9) + -5 + -3?
2
Calculate -3 - -10 - -1 - 2.
6
Evaluate (-2 - -4) + 10 + (-22 - -14).
4
What is (3 - 2 - 4) + (-1 - 5)?
-9
What is 3 + 2 + -2 + 0 + 0?
3
What is (0 - -2) + 1 + -3?
0
Evaluate 2 + (7 - (5 + 0)).
4
What is -14 + -5 + (-28 - -41)?
-6
-18 - -30 - (2 - (1 - 3))
8
Calculate -4 + -2 + 1 + (-224 - -227).
-2
Calculate -8 - -3 - -12 - 11.
-4
What is the value of -4 - (-5 + 5) - (-2 - 0)?
-2
-15 + (-11 - -12) + 9
-5
Calculate 2 - 0 - (10 - 7 - -1).
-2
What is the value of 10 + -8 + (12 - 23)?
-9
-2 + -1 + -12 + 12
-3
(-11 - -5) + -1 + 6
-1
Evaluate -5 - ((-8 - -7) + -2 + 4).
-6
What is 11 + (-11 - 11) + 11?
0
Calculate 0 - (5 + -4) - 1.
-2
Calculate (-2 - -7) + -10 - -8 - 0.
3
What is the value of 13 - (7 - 12) - 12?
6
What is the value of -1 - -6 - 1 - 5?
-1
3 - (-1 - (4 - 2))
6
Calculate 1 - (9 + -4 + 1).
-5
-5 + 2 + 2 + 1 + 1
1
(-1 - -2) + 2 - (-16 - -23)
-4
Evaluate -1 + -10 + (-7 - -15).
-3
Calculate -9 - (-2 - 5) - (-4 - 3).
5
7 - (-1 - -5) - 0 - -2
5
What is (-20 - -16) + (1 - -1)?
-2
Evaluate -8 - -12 - (-4 + 3).
5
Calculate 2 - 4 - (-65 - -62).
1
What is (-12 + 16 - (2 + -2)) + -8?
-4
What is the value of -9 - (2 + -2 - (13 + -9))?
-5
What is the value of 8 + 0 - (4 + 0 + -3)?
7
Calculate 1 + 4 + (-9 - 1).
-5
What is the value of -1 - (3 + -1) - (-1 + 0)?
-2
Calculate (1 - -5) + -1 - 5.
0
Calculate 5 + (2 - -1 - (5 - -2)).
1
What is 5 - (-1 + (2 - (4 - 3)))?
5
What is the value of 0 + (-4 - -7) + -7?
-4
-5 + 2 + -5 + 3
-5
Evaluate (15 - 12) + (2 - (-1 + 6)).
0
What is 0 + 0 - (0 - -1 - 3)?
2
What is 8 + (-8 - (1 - 6)) - 2?
3
What is 1 - 10 - (1 - 5)?
-5
Evaluate 2 - (-6 - (-7 + 3)).
4
(0 - -3) + -3 + 2
2
8 + -15 - (-3 - 3 - -1)
-2
Calculate (13 - (8 - (5 - 4))) + -10.
-4
Evaluate -1 - (1 - -1 - (-6 - -6)).
-3
What is the value of 9 + (-21 - -8 - 1)?
-5
0 - 0 - (7 - 12)
5
Evaluate 4 - (-1 - 0 - (5 - 6)).
4
What is -4 + (-2 - -1) + 4?
-1
What is the value of -64 + 65 + (-1 + 5 - 1)?
4
Evaluate 0 + (-3 - 3 - (-5 - -1)).
-2
(-1 + -2 - 2) + 5
0
-21 + 20 - (-3 - (1 + -2))
1
What is 4 - (0 - (-6 + 0))?
-2
Calculate -5 + 5 - (-7 + 2 + 2).
3
Evaluate (14 - 7) + -1 + -7.
-1
Calculate -4 - ((-14 - -9) + -2).
3
Calculate (5 - (6 - -2)) + 7 + -2.
2
3 - 3 - (4 - -1 - 3)
-2
-10 + -5 + (0 - -1) + 6
-8
0 - 1 - (-10 + (-5 - -8))
6
Evaluate (-2 - -2) + 2 - (-4 + 14).
-8
Calculate (37 - 31) + (-9 - 0).
-3
What is (-13 - -6) + 9 - 6?
-4
-1 - -1 - (11 + -12)
1
What is the value of -60 - -65 - (5 - (3 - 1))?
2
-1 - (-2 + -1 - -4)
-2
-2 + (12 - 11) + 8
7
What is (-8 - -10) + (-2 + 4 - 4)?
0
What is 1 + -5 - (6 + -8)?
-2
Calculate (2 + -3 - -3) + 3 + -1.
4
1 + -6 - (0 + -1 - -1)
-5
What is the value of -2 + 4 + (2 + -8 - -5)?
1
(7 - 2) + -5 + -4
-4
What is the value of 4 + (-3 - (0 + 1 + -5))?
5
-5 + 4 + (-8 - -11)
2
Evaluate 1 + (-1 - -4 - (18 + -16)).
2
What is the value of -6 - ((4 - 7) + -1)?
-2
Evaluate -8 + 17 + -2 - 15.
-8
Evaluate (-1 - -2) + 7 + -4.
4
What is -5 - (-2 + -13) - (5 - 0)?
5
What is 6 + (8 - 1 - (28 + -23))?
8
What is -2 + 8 - (-2 - (-8 - -1))?
1
What is 2 + -3 + 1 - 2?
-2
Evaluate 2 + -1 + -5 - -2 - 1.
-3
What is -1 - (-4 + 1) - 0?
2
(195 - 195) + 2 + 1
3
What is 2 + -6 - (-4 + 1)?
-1
Evaluate (-32 - -31) + 2 + -1.
0
Calculate -5 + 1 + -4 + 9 + -3.
-2
What is the value of 2 - -4 - (5 + -4 + 5)?
0
What is the value of -28 + 28 + (4 - 1) - 5?
-2
(-3 - 0) + -12 + 13
-2
Evaluate -4 - ((-3 - 1) + 0 - 0).
0
Calculate -7 - (4 + 3 + -11).
-3
What is -8 + (25 - 10) - 12?
-5
What is the value of -67 - -71 - (1 + -4)?
7
Calculate 3 + 1 + 0 - 8.
-4
What is the value of (1 - 1) + (8 - 10) + 2?
0
What is the value of 8 + (-7 - (-1 + -4 + 0))?
6
6 + -1 + -1 - 8
-4
What is the value of -4 + -1 + -10 + 10?
-5
Evaluate (5 - (-4 + 4)) + (2 - 10).
-3
Evaluate (-5 - 1) + (19 - 16).
-3
Calculate 27 + -26 + 11 + -4.
8
What is the value of 9 + -5 + -17 + 10?
-3
What is -7 + (0 + 3 - 1)?
-5
Calculate -1 - (0 + (1 + 0 - -3)).
-5
What is 3 + -6 + 9 + 2 - 3?
5
Calculate 0 + 0 + (4 - 1) + -2.
1
What is the value of 124 - 128 - (-10 + -1)?
7
(-2 + 0 - -8) + 17 + -23
0
What is (-8 - -1) + -1 - -2?
-6
Calculate 6 - (5 - (-5 - (-4 - 4))).
4
Calculate (3 + -6 - -5) + -1 + 3.
4
Calculate 5 + -1 + 4 + -9 - -1.
0
What is (-2 + 1 - -6) + -5 + 4?
4
(14 - 5 - 17) + -1
-9
3 - (4 + 5 - 4)
-2
What is the value of -9 - (8 + (-3 - 8)) - 0?
-6
Evaluate 2 + 3 + -2 + 0 + -2.
1
Evaluate 0 + 0 + 5 + 0 + -1.
4
Evaluate (-3 + 5 - 7) + -3 + 13.
5
(2 - 5) + 0 + -5 + 5
-3
What is -1 + (6 - 4) + 1?
2
What is -81 + 76 - (3 - 1)?
-7
What is the value of (-9 - 2) + (10 - -5 - 10)?
-6
(-5 - -10) + -8 + 2
-1
Evaluate (18 + (2 - 8) - 3) + -4.
5
Calculate 2 - (-3 - -3) - 4.
-2
Evaluate 9 - 8 - -2 - (4 + 1).
-2
What is (-2 - 3) + (1 - -4) + -1?
-1
Calculat